hest common factor of j and l?
41
Let q = -465 - -546. What is the greatest common factor of q and 837?
27
Suppose -178*j - 1158619 = -255*j. What is the greatest common factor of 41 and j?
41
Let j be 65 + -4 + 17 - 14. What is the highest common divisor of j and 24192?
64
Suppose -2*l + 4*l + 76 = 0. Let n = l + 83. Let k = 19 - 14. Calculate the greatest common divisor of n and k.
5
Let k = 28 + -20. Suppose u = 5*m - 9 - k, 3*m - 5*u = 19. Let g be 0 - m - 54/(-2). What is the highest common divisor of 72 and g?
24
Suppose 343784 = 215*x - 130291. Calculate the greatest common divisor of 10 and x.
5
Let b(h) = -h - 3. Let d(p) = -p + 17. Let f be d(12). Let v be b(f). Let g = v + 38. What is the greatest common factor of g and 240?
30
Let g(n) = 37*n**2 + 5*n - 3. Let p be g(3). Let c = 299 + p. Suppose -c = -5*t - 2*i, 0 = 4*i - 9 + 1. What is the highest common divisor of 16 and t?
16
Let w(j) = j**2 - 44*j - 9. Let f be w(45). What is the highest common factor of 711 and f?
9
Suppose 5*a + 1440 = 6*a. Let x be 8/(1 - 0) + -5. Suppose b + x*b - a = 0. What is the greatest common divisor of b and 45?
45
Let x = 115227 - 80404. Calculate the greatest common factor of x and 97.
97
Let z = -18 - -26. Let d be 301/28 - (-3)/12. Suppose d*m = m + 80. What is the highest common divisor of m and z?
8
Let i = -1 - 2. Let h be (i - -1) + 16 + 4. Let x = -1101 - -1227. Calculate the highest common factor of h and x.
18
Let n(g) = 69*g - 3. Let i be n(2). Suppose 65*w = 62*w + i. What is the greatest common divisor of 45 and w?
45
Let r be 3*(-60)/(-405) + (-46)/(-18). Let m(u) = -5*u - 8. Let q be m(-7). Calculate the greatest common divisor of q and r.
3
Let n(m) = 2*m**2 + 66*m - 490. Let j be n(7). Suppose -u = -5*u + 3*w + 2520, -3*u = -w - 1890. What is the highest common factor of j and u?
70
Let q(f) = -2*f - 2. Let a(h) = 10*h + 32. Let g(r) = a(r) + 6*q(r). Let v be g(-2). What is the greatest common divisor of 6 and v?
6
Let s = -3393 + 4763. Suppose -5*u = 3*j + 163 - s, 0 = -4*j - 2*u + 1600. What is the highest common divisor of 114 and j?
57
Let y = 5492 + -5402. Suppose -1587 - 2463 = -5*x. Calculate the highest common divisor of y and x.
90
Let k(t) = -t**2 - 17*t + 6. Let g be 14/77 - (-4)/(-22). Let l = g - 16. Let s be k(l). Calculate the highest common factor of s and 2.
2
Let i(x) be the second derivative of -x**3 - 35*x**2 - x - 145. Let o be i(-17). What is the greatest common divisor of 176 and o?
16
Suppose -11*w + 142*w - 304640 = -29*w. What is the greatest common divisor of 4896 and w?
272
Let g be (10/(-4))/(8/(-32)). Let j be 6 - 208/(-4) - -1 - 4. What is the greatest common divisor of j and g?
5
Let j(s) = -106*s**2 + 20*s - 38. Let v be j(2). Let w = -388 - v. Calculate the highest common factor of 2 and w.
2
Let z(s) = 72*s - 336. Let r be z(5). Suppose -r*c + 9*c + 660 = 0. Calculate the greatest common factor of 20 and c.
4
Let g = 566 - 374. Suppose -o + 288 = 3*a, -a + o + g = a. What is the greatest common divisor of 54 and a?
6
Suppose 5*d + 2*p = 11452 - 3338, -1648 = -d - 4*p. What is the highest common factor of d and 120?
60
Let w(i) = -95*i**2 + 9*i - 4. Let n be w(1). Let f be n/1*(0 - 16/20). What is the highest common factor of 576 and f?
72
Let s(u) = u**3 + 35*u**2 + 22*u - 38. Let p be (-28)/(-182) + (-888)/26. Let f be s(p). What is the highest common factor of 222 and f?
74
Let l be 366/549 + (-1 - (-158)/6). Let r be (536/4 - (-11 + 7)) + 5. Calculate the highest common divisor of r and l.
13
Let q(a) = a + 204. Let c be q(-36). Calculate the greatest common divisor of 24 and c.
24
Let i be -10*(-65)/(-26)*968/(-5). Calculate the highest common divisor of i and 40.
40
Let k be (-265)/10 + 8/(-16). Let h be (-1128)/k + (-18)/(-81). What is the greatest common divisor of h and 462?
42
Let n be 279/(0 + 9) - -7. Let k = 132 + -94. Calculate the highest common divisor of k and n.
38
Let i(s) = 3*s + 30. Let k = -48 + 152. Suppose 3*b = -4*n + 68, -b = 4*b + 2*n - k. Let g be i(b). What is the greatest common factor of g and 10?
10
Let i(q) = 5*q**3 - 13*q**2 + 34*q - 201. Let b be i(12). What is the greatest common factor of 450 and b?
225
Let z = -4059 - -4089. Calculate the highest common divisor of 4635 and z.
15
Let y be (-296)/(-12)*39/2. Let u = -1790 + 1803. What is the highest common divisor of u and y?
13
Let o(g) = g**3 + 7*g**2 + 8*g + 5. Let m be o(-5). Let v(w) = -2*w**2 + 49*w - 20. Let q be v(m). What is the highest common factor of q and 106?
53
Suppose 3*w - 19327 = -h, 15*w - 10*w - 32200 = -4*h. What is the greatest common factor of w and 90?
18
Suppose -5*a - 1324 = -6409. What is the greatest common factor of a and 226?
113
Let w be ((-8)/(-12))/((-4)/(-336)). Suppose -42 = w*m - 59*m. What is the highest common factor of m and 8?
2
Suppose 18 - 8 = 2*w. Suppose -3*j = y - 294, -w*y = -4*j + 127 + 265. Let p be (-444)/(-14) + 28/j. Calculate the highest common divisor of p and 80.
16
Suppose 5*a - 5*y = 35, 5*a - 5*y = -2*y + 31. Suppose -3*w = 4*j - 489, 20 = -3*w + a. What is the greatest common factor of j and 18?
18
Let y(r) = 9*r + 2. Let h(g) = 17*g + 4. Let f(a) = -3*h(a) + 5*y(a). Let l be f(-5). Suppose 41 - 29 = 3*b. What is the greatest common factor of l and b?
4
Let l(o) = -o**3 + 52*o**2 + 15*o - 746. Let s be l(52). Calculate the greatest common divisor of 1513 and s.
17
Let z(t) = t**3 - 7*t**2 + 3*t - 17. Let i be z(7). Suppose 120 - 192 = -i*g. What is the greatest common factor of g and 198?
18
Let f(v) = v + 39. Suppose -y - q - 12 = 0, y - 6*q + 24 = -11*q. Let x be f(y). Calculate the greatest common factor of x and 10.
10
Suppose -4*l - 5*d = -2243, 2278 = 15*l - 11*l - 2*d. Suppose -17*w + 14*w = -l. Calculate the highest common divisor of 54 and w.
27
Let y be 44*3 + (3 - -2). Let l = -63 + y. What is the greatest common factor of l and 1258?
74
Let n = -257 + 277. Suppose 47*v + 8160 = 64*v. Calculate the greatest common factor of n and v.
20
Let r be -28*(3/(-7))/((-18)/(-12)). Let m be r/(4/(-1 - (-3 + -16))). What is the greatest common factor of 60 and m?
12
Suppose -36 = -2*q - 5*o, -2*o - 6 = -2*q + 2. Suppose 295 = -q*z + 1735. What is the greatest common factor of z and 36?
36
Let n(j) = -16*j + 73. Let a = -158 + 152. Let l be n(a). What is the greatest common factor of l and 13?
13
Let b(x) = x**2 - 14*x - 607. Let p be b(-19). Let s be 30/45 - 356/(-6). What is the highest common divisor of s and p?
20
Suppose -3*v + 20 = o, o + 8 = -0*o + 4*v. Let s be 44/(-16) - -3 - (-158)/o. What is the highest common divisor of 130 and s?
10
Let n be (-1 - 76/(-28))/((-6)/(-21)). Let p(d) = 7*d**2 + 2*d - 2. Let g be p(2). Let x be 1/(-3 - (-95)/g). Calculate the greatest common factor of n and x.
6
Let q(c) = 46*c**3 + 8*c**2 - 23*c + 6. Let p be q(2). What is the highest common factor of p and 1960?
40
Suppose -5267*t + 5271*t = 13328. Calculate the greatest common divisor of 68 and t.
68
Let o be (4/6)/((-31)/(-186)). Suppose -t = 3, -o*s + 51 = -16*t + 15*t. Calculate the greatest common factor of s and 384.
12
Let l be 15/(-6) + (-17976)/(-16) - -1. What is the greatest common factor of l and 44?
22
Suppose -3 = -a - 1. Let v be -5 - 93/(-18) - 118/(-12). Suppose 5*j - 15 = 0, -2*p - 3*j = -v - 31. What is the greatest common factor of a and p?
2
Suppose -134*y + 1225046 = -9764. What is the greatest common divisor of y and 95?
95
Suppose l - 163 - 413 = 0. Suppose 8*x = 2*o + 84, 4*o = -12*x + 8*x + 12. Calculate the highest common factor of x and l.
9
Let o = -265 - -182. Let i = 183 + o. What is the greatest common divisor of i and 60?
20
Let v be -4*618*(2 - (-209)/(-88)). What is the greatest common divisor of 153 and v?
9
Let v(b) = 8*b + 12. Suppose 5*c + z = 60, -3*c - 2*z - 2*z = -36. Let m be v(c). Calculate the highest common factor of 18 and m.
18
Let s(m) = 24*m - 54. Let x be s(-17). Let k = x + 836. Calculate the highest common factor of 11 and k.
11
Let f(i) = -i**3 + 11*i**2 + i + 9. Suppose 8 = g - 3. Let a be f(g). Let h = -30 - -50. What is the greatest common factor of h and a?
20
Let s = -378 + 357. Let m = 41 + s. What is the highest common factor of m and 60?
20
Let d(h) = 2169*h + 103. Let n be d(0). What is the highest